{"id":2569,"date":"2023-01-05T13:56:41","date_gmt":"2023-01-05T12:56:41","guid":{"rendered":"https:\/\/cas-jura.ch\/?page_id=2569"},"modified":"2023-01-05T13:56:41","modified_gmt":"2023-01-05T12:56:41","slug":"situation","status":"publish","type":"page","link":"https:\/\/cas-jura.ch\/?page_id=2569","title":{"rendered":"Situation"},"content":{"rendered":"\n<p>Le point de vue de la Faux d&rsquo;Enson culmine \u00e0 927 m et offre avec sa tour d&rsquo;observation un panorama splendide sur toute l&rsquo;Ajoie.<br>Perch\u00e9 au sommet de la cha\u00eene du Mont-Terri, Roche-d\u2019Or offre l\u2019excellent point de vue de la Faux d\u2019Enson, d\u2019o\u00f9 l\u2019on voit, par bonnes conditions m\u00e9t\u00e9orologiques, la r\u00e9gion de Montb\u00e9liard, les Alpes bernoises, les Vosges et le Vieil Armand.<\/p>\n\n\n\n<figure class=\"wp-block-image size-large\"><img loading=\"lazy\" decoding=\"async\" width=\"1024\" height=\"618\" src=\"https:\/\/cas-jura.ch\/wordpress\/wp-content\/uploads\/2023\/01\/image-2-1024x618.png\" alt=\"\" class=\"wp-image-2573\" srcset=\"https:\/\/cas-jura.ch\/wordpress\/wp-content\/uploads\/2023\/01\/image-2-1024x618.png 1024w, https:\/\/cas-jura.ch\/wordpress\/wp-content\/uploads\/2023\/01\/image-2-300x181.png 300w, https:\/\/cas-jura.ch\/wordpress\/wp-content\/uploads\/2023\/01\/image-2-768x464.png 768w, https:\/\/cas-jura.ch\/wordpress\/wp-content\/uploads\/2023\/01\/image-2.png 1202w\" sizes=\"auto, (max-width: 1024px) 100vw, 1024px\" \/><\/figure>\n","protected":false},"excerpt":{"rendered":"<p>Le point de vue de la Faux d&rsquo;Enson culmine \u00e0 927 m et offre avec sa tour d&rsquo;observation un panorama splendide sur toute l&rsquo;Ajoie.Perch\u00e9 au &#8230;<\/p>\n","protected":false},"author":975901,"featured_media":0,"parent":2567,"menu_order":0,"comment_status":"closed","ping_status":"closed","template":"","meta":{"footnotes":""},"class_list":["post-2569","page","type-page","status-publish","hentry"],"jetpack_sharing_enabled":true,"_links":{"self":[{"href":"https:\/\/cas-jura.ch\/index.php?rest_route=\/wp\/v2\/pages\/2569","targetHints":{"allow":["GET"]}}],"collection":[{"href":"https:\/\/cas-jura.ch\/index.php?rest_route=\/wp\/v2\/pages"}],"about":[{"href":"https:\/\/cas-jura.ch\/index.php?rest_route=\/wp\/v2\/types\/page"}],"author":[{"embeddable":true,"href":"https:\/\/cas-jura.ch\/index.php?rest_route=\/wp\/v2\/users\/975901"}],"replies":[{"embeddable":true,"href":"https:\/\/cas-jura.ch\/index.php?rest_route=%2Fwp%2Fv2%2Fcomments&post=2569"}],"version-history":[{"count":1,"href":"https:\/\/cas-jura.ch\/index.php?rest_route=\/wp\/v2\/pages\/2569\/revisions"}],"predecessor-version":[{"id":2574,"href":"https:\/\/cas-jura.ch\/index.php?rest_route=\/wp\/v2\/pages\/2569\/revisions\/2574"}],"up":[{"embeddable":true,"href":"https:\/\/cas-jura.ch\/index.php?rest_route=\/wp\/v2\/pages\/2567"}],"wp:attachment":[{"href":"https:\/\/cas-jura.ch\/index.php?rest_route=%2Fwp%2Fv2%2Fmedia&parent=2569"}],"curies":[{"name":"wp","href":"https:\/\/api.w.org\/{rel}","templated":true}]}}

<p>Le point de vue de la Faux d&rsquo;Enson culmine à 927 m et offre avec sa tour d&rsquo;observation un panorama splendide sur toute l&rsquo;Ajoie.<br>Perché au sommet de la chaîne du Mont-Terri, Roche-d’Or offre l’excellent point de vue de la Faux d’Enson, d’où l’on voit, par bonnes conditions météorologiques, la région de Montbéliard, les Alpes bernoises, les Vosges et le Vieil Armand.</p>



<figure class="wp-block-image size-large"><img loading="lazy" decoding="async" width="1024" height="618" src="https://cas-jura.ch/wordpress/wp-content/uploads/2023/01/image-2-1024x618.png" alt="" class="wp-image-2573" srcset="https://cas-jura.ch/wordpress/wp-content/uploads/2023/01/image-2-1024x618.png 1024w, https://cas-jura.ch/wordpress/wp-content/uploads/2023/01/image-2-300x181.png 300w, https://cas-jura.ch/wordpress/wp-content/uploads/2023/01/image-2-768x464.png 768w, https://cas-jura.ch/wordpress/wp-content/uploads/2023/01/image-2.png 1202w" sizes="auto, (max-width: 1024px) 100vw, 1024px" /></figure>

<p>Le point de vue de la Faux d&rsquo;Enson culmine à 927 m et offre avec sa tour d&rsquo;observation un panorama splendide sur toute l&rsquo;Ajoie.Perché au &#8230;</p>
