{"id":2575,"date":"2023-01-05T13:57:49","date_gmt":"2023-01-05T12:57:49","guid":{"rendered":"https:\/\/cas-jura.ch\/?page_id=2575"},"modified":"2024-05-07T08:54:34","modified_gmt":"2024-05-07T06:54:34","slug":"histoire","status":"publish","type":"page","link":"https:\/\/cas-jura.ch\/?page_id=2575","title":{"rendered":"Histoire"},"content":{"rendered":"\n<p>La belle histoire de la Faux d\u2019Enson.<\/p>\n\n\n\n<p>Depuis 100 ans elle domine l\u2019Ajoie et l\u2019envie de s\u2019y \u00e9lever pour observer le paysage et la nature sous un angle diff\u00e9rent emporte toujours les visiteurs, petits et grands, vers son sommet.<\/p>\n\n\n\n<p><strong>25 juin 1922<\/strong><br>Porrentruy accueille la rencontre des sections romandes du CAS. La course propos\u00e9e au programme de ces festivit\u00e9s emm\u00e8ne les 170 clubistes invit\u00e9s provenant d\u2019au moins 12 sections de Porrentruy \u00e0 R\u00e9cl\u00e8re. En chemin, une halte est pr\u00e9vue sur les hauteurs de Roche d\u2019Or au lieu-dit \u00ab&nbsp;La Faux d\u2019Enson&nbsp;\u00bb pour l\u2019inauguration officielle d\u2019une petite tour d\u2019observation en pierre, supportant une table d\u2019orientation et offrant une vue \u00e0 360\u00b0.<br>Cette construction avait \u00e9t\u00e9 command\u00e9e, financ\u00e9e puis offerte \u00e0 la section Jura du CAS par son premier pr\u00e9sident, M. Joseph Choffat. Elle figure au cadastre sous le nom de \u00ab&nbsp;Terrasse du CAS&nbsp;\u00bb.<\/p>\n\n\n\n<p><strong>31 mars 1925<\/strong><br>Le propri\u00e9taire du domaine de la Faux d\u2019Enson, M. Borneque, industriel fran\u00e7ais demeurant \u00e0 Beaucourt constitue \u00e0 l\u2019intention de notre section et devant notaire un droit de servitude inali\u00e9nable et perp\u00e9tuel pour le maintien d\u2019une construction en forme de tour, servant de point de vue avec un acc\u00e8s \u00e0 travers le p\u00e2turage.<\/p>\n\n\n\n<p><strong>1962<\/strong><br>En 40 ans d\u2019existence, la terrasse a accueilli de nombreux visiteurs. Malheureusement, les intemp\u00e9ries et les d\u00e9pr\u00e9dations (oui d\u00e9j\u00e0) ont consid\u00e9rablement d\u00e9t\u00e9rior\u00e9 la petite tour et il faut songer \u00e0 la r\u00e9nover. Sachant que la tr\u00e9sorerie de la section est insuffisante pour r\u00e9aliser les travaux, M. Jean-Pierre Zollikofer, alors pr\u00e9sident, et son comit\u00e9 sollicitent plusieurs associations (ADIJ, PRO JURA et TCS) pour participer au financement. C\u2019est gr\u00e2ce \u00e0 ces soutiens que la terrasse r\u00e9nov\u00e9e et sa nouvelle table d\u2019orientation en aluminium grav\u00e9 purent \u00eatre inaugur\u00e9es le 23 juin.<\/p>\n\n\n\n<p><strong>1984<\/strong><br>L\u2019Histoire se r\u00e9p\u00e8te, la construction de 1962 est fissur\u00e9e par le gel et la table d\u2019orientation a \u00e9t\u00e9 vandalis\u00e9e. L\u2019assembl\u00e9e de la section, pr\u00e9sid\u00e9e par M. Arthur M\u00e4usli doit \u00e0 nouveau statuer sur l\u2019avenir de la tour. Certains proposent de c\u00e9der les droits et de niveler l\u2019\u00e9difice. L\u2019attrait du lieu ayant diminu\u00e9 du fait de la croissance des for\u00eats qui ne permet plus de voir les Alpes. Ce sont toutefois les partisans de la conservation de la terrasse qui l\u2019emportent.<\/p>\n\n\n\n<p><strong>1985<\/strong><br>Une commission pour la restauration de la tour est constitu\u00e9e. Pr\u00e9sid\u00e9e par M. Bernard Bandelier (pr\u00e9sident de la section), elle est compos\u00e9e des repr\u00e9sentants de deux associations partenaires du projet (l\u2019Association jurassienne de tourisme p\u00e9destre et le Groupe de d\u00e9veloppement de Roche d\u2019Or) et du CAS Jura (M. Jean-Pierre Kocher et M. Louis Frot\u00e9).<br>Des r\u00e9flexions de la commission na\u00eet alors un projet cr\u00e9atif et plein de bon sens.<br>A peu de distance de la terrasse du CAS se dresse depuis 1902 (il y a 120 ans, d\u00e9cid\u00e9ment) une tour g\u00e9od\u00e9sique, haute de 9 m\u00e8tres, appartenant \u00e0 l\u2019Office f\u00e9d\u00e9ral de la topographie (jumelle de celle encore en place au sommet du Raimeux). La transformation de cet outil de mesure en tour d\u2019observation (ajout d\u2019un escalier ext\u00e9rieur et am\u00e9nagement d\u2019une plateforme \u00e0 mi-hauteur) est \u00e9tudi\u00e9e, devis\u00e9e et finalement r\u00e9alis\u00e9e.<\/p>\n\n\n\n<p><strong>15 octobre 1989<\/strong><br>La tour dans sa forme actuelle et sa nouvelle table d\u2019orientation sont inaugur\u00e9es<\/p>\n\n\n\n<p><strong>Juillet 1993<\/strong><br>Par convention, la Conf\u00e9d\u00e9ration c\u00e8de ses droits de propri\u00e9t\u00e9 sur la tour d\u2019observation de la Faux d\u2019Enson au Club Alpin Suisse, section Jura.<\/p>\n\n\n\n<div style=\"height:20px\" aria-hidden=\"true\" class=\"wp-block-spacer\"><\/div>\n\n\n\n<p class=\"has-text-align-center has-medium-font-size\"><strong>La Faux d&rsquo;Enson sur Canal Alpha<\/strong><\/p>\n\n\n\n<figure class=\"wp-block-image size-large\"><a href=\"https:\/\/www.canalalpha.ch\/play\/le-journal\/topic\/30772\/une-vue-imprenable-au-sommet-de-la-faux-denson\"><img decoding=\"async\" src=\"https:\/\/fauxdenson.cas-jura.ch\/wp-content\/uploads\/2023\/08\/Capture-decran-2023-08-26-174715-1024x848.png\" alt=\"\" class=\"wp-image-2752\"\/><\/a><\/figure>\n\n\n\n<div style=\"height:20px\" aria-hidden=\"true\" class=\"wp-block-spacer\"><\/div>\n\n\n\n<p class=\"has-text-align-center has-medium-font-size\"><strong>La Faux d&rsquo;Enson \u00e0 l&rsquo;honneur dans la presse locale&#8230;<\/strong><\/p>\n\n\n\n<p>source : <a href=\"https:\/\/www.rfj.ch\/rfj\/Actualite\/Region\/20230705-Un-nouveau-depart-pour-la-Faux-d-Enson.html#\" target=\"_blank\" rel=\"noreferrer noopener\">rfj.ch<\/a><\/p>\n\n\n\n<figure class=\"wp-block-image size-full\"><a href=\"https:\/\/www.rfj.ch\/rfj\/Actualite\/Region\/20230705-Un-nouveau-depart-pour-la-Faux-d-Enson.html#\"><img decoding=\"async\" src=\"https:\/\/fauxdenson.cas-jura.ch\/wp-content\/uploads\/2023\/07\/image.png\" alt=\"\" class=\"wp-image-2748\"\/><\/a><\/figure>\n","protected":false},"excerpt":{"rendered":"<p>La belle histoire de la Faux d\u2019Enson. Depuis 100 ans elle domine l\u2019Ajoie et l\u2019envie de s\u2019y \u00e9lever pour observer le paysage et la nature &#8230;<\/p>\n","protected":false},"author":975901,"featured_media":0,"parent":2567,"menu_order":0,"comment_status":"closed","ping_status":"closed","template":"","meta":{"footnotes":""},"class_list":["post-2575","page","type-page","status-publish","hentry"],"jetpack_sharing_enabled":true,"_links":{"self":[{"href":"https:\/\/cas-jura.ch\/index.php?rest_route=\/wp\/v2\/pages\/2575","targetHints":{"allow":["GET"]}}],"collection":[{"href":"https:\/\/cas-jura.ch\/index.php?rest_route=\/wp\/v2\/pages"}],"about":[{"href":"https:\/\/cas-jura.ch\/index.php?rest_route=\/wp\/v2\/types\/page"}],"author":[{"embeddable":true,"href":"https:\/\/cas-jura.ch\/index.php?rest_route=\/wp\/v2\/users\/975901"}],"replies":[{"embeddable":true,"href":"https:\/\/cas-jura.ch\/index.php?rest_route=%2Fwp%2Fv2%2Fcomments&post=2575"}],"version-history":[{"count":2,"href":"https:\/\/cas-jura.ch\/index.php?rest_route=\/wp\/v2\/pages\/2575\/revisions"}],"predecessor-version":[{"id":3799,"href":"https:\/\/cas-jura.ch\/index.php?rest_route=\/wp\/v2\/pages\/2575\/revisions\/3799"}],"up":[{"embeddable":true,"href":"https:\/\/cas-jura.ch\/index.php?rest_route=\/wp\/v2\/pages\/2567"}],"wp:attachment":[{"href":"https:\/\/cas-jura.ch\/index.php?rest_route=%2Fwp%2Fv2%2Fmedia&parent=2575"}],"curies":[{"name":"wp","href":"https:\/\/api.w.org\/{rel}","templated":true}]}}

<p>La belle histoire de la Faux d’Enson.</p>



<p>Depuis 100 ans elle domine l’Ajoie et l’envie de s’y élever pour observer le paysage et la nature sous un angle différent emporte toujours les visiteurs, petits et grands, vers son sommet.</p>



<p><strong>25 juin 1922</strong><br>Porrentruy accueille la rencontre des sections romandes du CAS. La course proposée au programme de ces festivités emmène les 170 clubistes invités provenant d’au moins 12 sections de Porrentruy à Réclère. En chemin, une halte est prévue sur les hauteurs de Roche d’Or au lieu-dit «&nbsp;La Faux d’Enson&nbsp;» pour l’inauguration officielle d’une petite tour d’observation en pierre, supportant une table d’orientation et offrant une vue à 360°.<br>Cette construction avait été commandée, financée puis offerte à la section Jura du CAS par son premier président, M. Joseph Choffat. Elle figure au cadastre sous le nom de «&nbsp;Terrasse du CAS&nbsp;».</p>



<p><strong>31 mars 1925</strong><br>Le propriétaire du domaine de la Faux d’Enson, M. Borneque, industriel français demeurant à Beaucourt constitue à l’intention de notre section et devant notaire un droit de servitude inaliénable et perpétuel pour le maintien d’une construction en forme de tour, servant de point de vue avec un accès à travers le pâturage.</p>



<p><strong>1962</strong><br>En 40 ans d’existence, la terrasse a accueilli de nombreux visiteurs. Malheureusement, les intempéries et les déprédations (oui déjà) ont considérablement détérioré la petite tour et il faut songer à la rénover. Sachant que la trésorerie de la section est insuffisante pour réaliser les travaux, M. Jean-Pierre Zollikofer, alors président, et son comité sollicitent plusieurs associations (ADIJ, PRO JURA et TCS) pour participer au financement. C’est grâce à ces soutiens que la terrasse rénovée et sa nouvelle table d’orientation en aluminium gravé purent être inaugurées le 23 juin.</p>



<p><strong>1984</strong><br>L’Histoire se répète, la construction de 1962 est fissurée par le gel et la table d’orientation a été vandalisée. L’assemblée de la section, présidée par M. Arthur Mäusli doit à nouveau statuer sur l’avenir de la tour. Certains proposent de céder les droits et de niveler l’édifice. L’attrait du lieu ayant diminué du fait de la croissance des forêts qui ne permet plus de voir les Alpes. Ce sont toutefois les partisans de la conservation de la terrasse qui l’emportent.</p>



<p><strong>1985</strong><br>Une commission pour la restauration de la tour est constituée. Présidée par M. Bernard Bandelier (président de la section), elle est composée des représentants de deux associations partenaires du projet (l’Association jurassienne de tourisme pédestre et le Groupe de développement de Roche d’Or) et du CAS Jura (M. Jean-Pierre Kocher et M. Louis Froté).<br>Des réflexions de la commission naît alors un projet créatif et plein de bon sens.<br>A peu de distance de la terrasse du CAS se dresse depuis 1902 (il y a 120 ans, décidément) une tour géodésique, haute de 9 mètres, appartenant à l’Office fédéral de la topographie (jumelle de celle encore en place au sommet du Raimeux). La transformation de cet outil de mesure en tour d’observation (ajout d’un escalier extérieur et aménagement d’une plateforme à mi-hauteur) est étudiée, devisée et finalement réalisée.</p>



<p><strong>15 octobre 1989</strong><br>La tour dans sa forme actuelle et sa nouvelle table d’orientation sont inaugurées</p>



<p><strong>Juillet 1993</strong><br>Par convention, la Confédération cède ses droits de propriété sur la tour d’observation de la Faux d’Enson au Club Alpin Suisse, section Jura.</p>



<div style="height:20px" aria-hidden="true" class="wp-block-spacer"></div>



<p class="has-text-align-center has-medium-font-size"><strong>La Faux d&rsquo;Enson sur Canal Alpha</strong></p>



<figure class="wp-block-image size-large"><a href="https://www.canalalpha.ch/play/le-journal/topic/30772/une-vue-imprenable-au-sommet-de-la-faux-denson"><img decoding="async" src="https://fauxdenson.cas-jura.ch/wp-content/uploads/2023/08/Capture-decran-2023-08-26-174715-1024x848.png" alt="" class="wp-image-2752"/></a></figure>



<div style="height:20px" aria-hidden="true" class="wp-block-spacer"></div>



<p class="has-text-align-center has-medium-font-size"><strong>La Faux d&rsquo;Enson à l&rsquo;honneur dans la presse locale&#8230;</strong></p>



<p>source : <a href="https://www.rfj.ch/rfj/Actualite/Region/20230705-Un-nouveau-depart-pour-la-Faux-d-Enson.html#" target="_blank" rel="noreferrer noopener">rfj.ch</a></p>



<figure class="wp-block-image size-full"><a href="https://www.rfj.ch/rfj/Actualite/Region/20230705-Un-nouveau-depart-pour-la-Faux-d-Enson.html#"><img decoding="async" src="https://fauxdenson.cas-jura.ch/wp-content/uploads/2023/07/image.png" alt="" class="wp-image-2748"/></a></figure>

<p>La belle histoire de la Faux d’Enson. Depuis 100 ans elle domine l’Ajoie et l’envie de s’y élever pour observer le paysage et la nature &#8230;</p>
