{"id":30,"date":"2019-03-08T09:31:51","date_gmt":"2019-03-08T08:31:51","guid":{"rendered":"https:\/\/cas-jura.ch\/wordpress\/?page_id=30"},"modified":"2024-10-03T09:51:33","modified_gmt":"2024-10-03T07:51:33","slug":"presentation-de-la-section","status":"publish","type":"page","link":"https:\/\/cas-jura.ch\/?page_id=30","title":{"rendered":"Pr\u00e9sentation"},"content":{"rendered":"\n<h4 class=\"wp-block-heading\">La section Jura du CAS (section AJOULOTE du CAS)<\/h4>\n\n\n\n<p>La section CAS-Jura est une des deux sections jurassiennes du CAS. Son si\u00e8ge est \u00e0 Porrentruy; elle compte 370 membres, provenant principalement d&rsquo;Ajoie (district de Porrentruy) et des autres districts jurassiens.<\/p>\n\n\n\n<h4 class=\"wp-block-heading\">Le CAS Jura vous invite \u00e0 participer \u00e0 ses activit\u00e9s&#8230;<\/h4>\n\n\n\n<figure class=\"wp-block-table is-style-stripes\"><table class=\"has-fixed-layout\"><tbody><tr><td>Randonn\u00e9es en plaine<\/td><td>Randonn\u00e9es en moyenne montagne<\/td><\/tr><tr><td>Courses en haute montagne, alpinisme<\/td><td>Escalade en salle et en falaise<\/td><\/tr><tr><td>Via ferrata<\/td><td>Ski alpin, ski de fond<\/td><\/tr><tr><td>Randonn\u00e9es \u00e0 ski<\/td><td>Courses en raquettes<\/td><\/tr><tr><td>> <a href=\"https:\/\/cas-jura.ch\/?page_id=2760\">Programme annuel complet<\/a><\/td><td><\/td><\/tr><\/tbody><\/table><\/figure>\n\n\n\n<h4 class=\"wp-block-heading\">Mais aussi&#8230;<\/h4>\n\n\n\n<figure class=\"wp-block-table is-style-stripes\"><table class=\"has-fixed-layout\"><tbody><tr><td>Marches d&rsquo;entra\u00eenement hebdomadaires<\/td><td>Semaines de randonn\u00e9e<\/td><\/tr><tr><td>Initiation \u00e0 l&rsquo;alpinisme<\/td><td>Initiation \u00e0 l&rsquo;escalade<\/td><\/tr><tr><td>Initiation au ski de rando<\/td><td>&gt; <a href=\"https:\/\/cas-jura.ch\/?page_id=85\">Activit\u00e9s r\u00e9guli\u00e8res<\/a><\/td><\/tr><tr><td>Formations<\/td><td><\/td><\/tr><\/tbody><\/table><\/figure>\n\n\n\n<h4 class=\"wp-block-heading\">Et encore&#8230;<\/h4>\n\n\n\n<figure class=\"wp-block-table is-style-stripes\"><table class=\"has-fixed-layout\"><tbody><tr><td><a href=\"https:\/\/cas-jura.ch\/?page_id=18\">Cabane des Ordons<\/a><\/td><td>Chorale<\/td><\/tr><\/tbody><\/table><\/figure>\n","protected":false},"excerpt":{"rendered":"<p>La section Jura du CAS (section AJOULOTE du CAS) La section CAS-Jura est une des deux sections jurassiennes du CAS. Son si\u00e8ge est \u00e0 Porrentruy; &#8230;<\/p>\n","protected":false},"author":975901,"featured_media":0,"parent":14,"menu_order":0,"comment_status":"closed","ping_status":"closed","template":"","meta":{"footnotes":""},"class_list":["post-30","page","type-page","status-publish","hentry"],"jetpack_sharing_enabled":true,"_links":{"self":[{"href":"https:\/\/cas-jura.ch\/index.php?rest_route=\/wp\/v2\/pages\/30","targetHints":{"allow":["GET"]}}],"collection":[{"href":"https:\/\/cas-jura.ch\/index.php?rest_route=\/wp\/v2\/pages"}],"about":[{"href":"https:\/\/cas-jura.ch\/index.php?rest_route=\/wp\/v2\/types\/page"}],"author":[{"embeddable":true,"href":"https:\/\/cas-jura.ch\/index.php?rest_route=\/wp\/v2\/users\/975901"}],"replies":[{"embeddable":true,"href":"https:\/\/cas-jura.ch\/index.php?rest_route=%2Fwp%2Fv2%2Fcomments&post=30"}],"version-history":[{"count":18,"href":"https:\/\/cas-jura.ch\/index.php?rest_route=\/wp\/v2\/pages\/30\/revisions"}],"predecessor-version":[{"id":3896,"href":"https:\/\/cas-jura.ch\/index.php?rest_route=\/wp\/v2\/pages\/30\/revisions\/3896"}],"up":[{"embeddable":true,"href":"https:\/\/cas-jura.ch\/index.php?rest_route=\/wp\/v2\/pages\/14"}],"wp:attachment":[{"href":"https:\/\/cas-jura.ch\/index.php?rest_route=%2Fwp%2Fv2%2Fmedia&parent=30"}],"curies":[{"name":"wp","href":"https:\/\/api.w.org\/{rel}","templated":true}]}}

Présentation

<h4 class="wp-block-heading">La section Jura du CAS (section AJOULOTE du CAS)</h4>



<p>La section CAS-Jura est une des deux sections jurassiennes du CAS. Son siège est à Porrentruy; elle compte 370 membres, provenant principalement d&rsquo;Ajoie (district de Porrentruy) et des autres districts jurassiens.</p>



<h4 class="wp-block-heading">Le CAS Jura vous invite à participer à ses activités&#8230;</h4>



<figure class="wp-block-table is-style-stripes"><table class="has-fixed-layout"><tbody><tr><td>Randonnées en plaine</td><td>Randonnées en moyenne montagne</td></tr><tr><td>Courses en haute montagne, alpinisme</td><td>Escalade en salle et en falaise</td></tr><tr><td>Via ferrata</td><td>Ski alpin, ski de fond</td></tr><tr><td>Randonnées à ski</td><td>Courses en raquettes</td></tr><tr><td>> <a href="https://cas-jura.ch/?page_id=2760">Programme annuel complet</a></td><td></td></tr></tbody></table></figure>



<h4 class="wp-block-heading">Mais aussi&#8230;</h4>



<figure class="wp-block-table is-style-stripes"><table class="has-fixed-layout"><tbody><tr><td>Marches d&rsquo;entraînement hebdomadaires</td><td>Semaines de randonnée</td></tr><tr><td>Initiation à l&rsquo;alpinisme</td><td>Initiation à l&rsquo;escalade</td></tr><tr><td>Initiation au ski de rando</td><td>&gt; <a href="https://cas-jura.ch/?page_id=85">Activités régulières</a></td></tr><tr><td>Formations</td><td></td></tr></tbody></table></figure>



<h4 class="wp-block-heading">Et encore&#8230;</h4>



<figure class="wp-block-table is-style-stripes"><table class="has-fixed-layout"><tbody><tr><td><a href="https://cas-jura.ch/?page_id=18">Cabane des Ordons</a></td><td>Chorale</td></tr></tbody></table></figure>

<p>La section Jura du CAS (section AJOULOTE du CAS) La section CAS-Jura est une des deux sections jurassiennes du CAS. Son siège est à Porrentruy; &#8230;</p>
