{"id":32,"date":"2019-03-08T09:32:14","date_gmt":"2019-03-08T08:32:14","guid":{"rendered":"https:\/\/cas-jura.ch\/wordpress\/?page_id=32"},"modified":"2025-10-03T10:41:25","modified_gmt":"2025-10-03T08:41:25","slug":"le-comite","status":"publish","type":"page","link":"https:\/\/cas-jura.ch\/?page_id=32","title":{"rendered":"Comit\u00e9"},"content":{"rendered":"\n<ul class=\"wp-block-list\">\n<li>Emilien Hertzeisen &#8211; pr\u00e9sident<\/li>\n\n\n\n<li>Xavier B\u00e9dat &#8211; vice-pr\u00e9sidente<\/li>\n\n\n\n<li>Carine Lehmann secr\u00e9taire<\/li>\n\n\n\n<li>Jean-Michel Gigon &#8211; caissier<\/li>\n\n\n\n<li>L\u00e9o Bertoux &#8211; gestion des membres<\/li>\n\n\n\n<li>Corinne Allimann &#8211; pr\u00e9pos\u00e9e aux courses<\/li>\n\n\n\n<li>S\u00e9bastien Fasnacht &#8211; escalade<\/li>\n\n\n\n<li>Marl\u00e8ne Bandelier &#8211; Juralpes<\/li>\n\n\n\n<li>Doriane B\u00e9dat  &#8211; pr\u00e9pos\u00e9e \u00e0 l&rsquo;environnement<\/li>\n\n\n\n<li>Sandrine Crelier &#8211; gestion de la documentation &amp; annonces<\/li>\n\n\n\n<li>Lo\u00efc Theubet &#8211; communications &amp; site internet<\/li>\n<\/ul>\n\n\n\n<h4 class=\"wp-block-heading\"><a href=\"https:\/\/cas-jura.ch\/?page_id=1747\" target=\"_blank\" rel=\"noreferrer noopener\">\u00c0 la rencontre du comit\u00e9&#8230;<\/a><\/h4>\n\n\n\n<hr class=\"wp-block-separator has-css-opacity\"\/>\n\n\n\n<p><\/p>\n","protected":false},"excerpt":{"rendered":"<p>\u00c0 la rencontre du comit\u00e9&#8230;<\/p>\n","protected":false},"author":975901,"featured_media":0,"parent":14,"menu_order":1,"comment_status":"closed","ping_status":"closed","template":"","meta":{"footnotes":""},"class_list":["post-32","page","type-page","status-publish","hentry"],"jetpack_sharing_enabled":true,"_links":{"self":[{"href":"https:\/\/cas-jura.ch\/index.php?rest_route=\/wp\/v2\/pages\/32","targetHints":{"allow":["GET"]}}],"collection":[{"href":"https:\/\/cas-jura.ch\/index.php?rest_route=\/wp\/v2\/pages"}],"about":[{"href":"https:\/\/cas-jura.ch\/index.php?rest_route=\/wp\/v2\/types\/page"}],"author":[{"embeddable":true,"href":"https:\/\/cas-jura.ch\/index.php?rest_route=\/wp\/v2\/users\/975901"}],"replies":[{"embeddable":true,"href":"https:\/\/cas-jura.ch\/index.php?rest_route=%2Fwp%2Fv2%2Fcomments&post=32"}],"version-history":[{"count":45,"href":"https:\/\/cas-jura.ch\/index.php?rest_route=\/wp\/v2\/pages\/32\/revisions"}],"predecessor-version":[{"id":4922,"href":"https:\/\/cas-jura.ch\/index.php?rest_route=\/wp\/v2\/pages\/32\/revisions\/4922"}],"up":[{"embeddable":true,"href":"https:\/\/cas-jura.ch\/index.php?rest_route=\/wp\/v2\/pages\/14"}],"wp:attachment":[{"href":"https:\/\/cas-jura.ch\/index.php?rest_route=%2Fwp%2Fv2%2Fmedia&parent=32"}],"curies":[{"name":"wp","href":"https:\/\/api.w.org\/{rel}","templated":true}]}}

Comité

<ul class="wp-block-list">
<li>Emilien Hertzeisen &#8211; président</li>



<li>Xavier Bédat &#8211; vice-présidente</li>



<li>Carine Lehmann secrétaire</li>



<li>Jean-Michel Gigon &#8211; caissier</li>



<li>Léo Bertoux &#8211; gestion des membres</li>



<li>Corinne Allimann &#8211; préposée aux courses</li>



<li>Sébastien Fasnacht &#8211; escalade</li>



<li>Marlène Bandelier &#8211; Juralpes</li>



<li>Doriane Bédat  &#8211; préposée à l&rsquo;environnement</li>



<li>Sandrine Crelier &#8211; gestion de la documentation &amp; annonces</li>



<li>Loïc Theubet &#8211; communications &amp; site internet</li>
</ul>



<h4 class="wp-block-heading"><a href="https://cas-jura.ch/?page_id=1747" target="_blank" rel="noreferrer noopener">À la rencontre du comité&#8230;</a></h4>



<hr class="wp-block-separator has-css-opacity"/>



<p></p>

<p>À la rencontre du comité&#8230;</p>
