{"id":3805,"date":"2024-09-14T13:24:24","date_gmt":"2024-09-14T11:24:24","guid":{"rendered":"https:\/\/cas-jura.ch\/?page_id=3805"},"modified":"2026-06-03T20:42:59","modified_gmt":"2026-06-03T18:42:59","slug":"grimpajoie","status":"publish","type":"page","link":"https:\/\/cas-jura.ch\/?page_id=3805","title":{"rendered":"GrimpAjoie"},"content":{"rendered":"\n<p class=\"has-text-align-center\"><strong>LES COURS<\/strong><\/p>\n\n\n\n<p>Les cours d\u2019escalade de GrimpAjoie sont dispens\u00e9s pour toutes et tous qui souhaitent s\u2019initier \u00e0 la grimper et progresser. Les cours enfants\/jeunes sont ouverts entre 5 et 18 ans. Les cours adultes sont r\u00e9serv\u00e9s \u00e0 toute personne majeure souhaitant pratiquer l\u2019escalade. Les cours ont lieu dans le complexe des Tilleuls \u00e0 Porrentruy<\/p>\n\n\n\n<p>Pour les d\u00e9butant.es adultes qui souhaitent s\u2019initier et avoir des connaissances approfondies en escalade, il existe aussi une initiation escalade, donn\u00e9e une fois par an par le CAS Jura.<\/p>\n\n\n\n<p class=\"has-text-align-center\"><strong>Les horaires :<\/strong><\/p>\n\n\n\n<p class=\"has-text-align-center\">&#8211;<strong> Lundi soi<\/strong>r de 17h00 \u00e0 19h00 : cours enfants\/jeunes<\/p>\n\n\n\n<p class=\"has-text-align-center\">&#8211; <strong>Lundi soir<\/strong> de 19h00 \u00e0 21h00 : cours adulte (&gt;18ans)<\/p>\n\n\n\n<p class=\"has-text-align-center\">&#8211; <strong>Mercredi soir<\/strong> de 17h00 \u00e0 18h30 : cours enfants\/jeunes<\/p>\n\n\n\n<p class=\"has-text-align-center\">&#8211; <strong>Mercredi soir<\/strong> de 18h00 \u00e0 20h00 : cours adulte (>18ans)<\/p>\n\n\n\n<p class=\"has-text-align-center\">&#8211; <strong>Samedi matin<\/strong> de 10h00 \u00e0 12h00 : cours enfants\/jeunes<\/p>\n\n\n\n<p>Lors des jours f\u00e9ri\u00e9s r\u00e9gionaux, les cours ne sont pas donn\u00e9s. En principe, les cours du premier samedi des vacances ont lieu, mais pas ceux du dernier samedi des vacances.<\/p>\n\n\n\n<p>Le premier essai est gratuit, l\u2019inscription est ensuite faite sur place par un des moniteurs pr\u00e9sents. Merci de nous contacter avant de venir faire un essai, \u00e0 l\u2019adresse mail suivante : <strong>escalade@cas-jura.ch<\/strong><\/p>\n\n\n\n<div style=\"height:15px\" aria-hidden=\"true\" class=\"wp-block-spacer\"><\/div>\n\n\n\n<p class=\"has-text-align-center\"><strong>TARIFS<\/strong><\/p>\n\n\n\n<figure class=\"wp-block-table\"><table><tbody><tr><td><\/td><td><strong>Membre du CAS Jura<\/strong><\/td><td><strong>Non-membre du CAS Jura<\/strong><\/td><\/tr><tr><td>1 enfant 1x\/semaine (5-20 ans)<\/td><td>100 CHF<\/td><td>150 CHF<\/td><\/tr><tr><td>1 enfant 2x\/semaine (5-20 ans)<\/td><td>150 CHF<\/td><td>200 CHF<\/td><\/tr><tr><td>1 enfant 3x\/semaine (5-20 ans)<\/td><td>190 CHF<\/td><td>250 CHF<\/td><\/tr><tr><td>2<sup>e<\/sup> enfant (m\u00eame famille)<\/td><td>70 CHF (-30 CHF)<\/td><td>120 CHF (-30 CHF)<\/td><\/tr><tr><td>3<sup>e<\/sup> enfant (m\u00eame famille)<\/td><td>40 CHF (-60 CHF)<\/td><td>90 CHF (-60 CHF)<\/td><\/tr><tr><td>entr\u00e9e individuelle* (adulte\/jeune)<\/td><td>10 CHF \/ 7 CHF<\/td><td>15 CHF \/ 12 CHF<\/td><\/tr><tr><td>abo \u00e0 l&rsquo;ann\u00e9e* (adulte\/jeune) <\/td><td>250 CHF<\/td><td>300 CHF \/ 270 CHF<\/td><\/tr><tr><td><strong>location du mat\u00e9riel <\/strong><\/td><td>Gratuit <\/td><td>5 CHF<\/td><\/tr><\/tbody><\/table><figcaption class=\"wp-element-caption\">*Les entr\u00e9es individuelles sont \u00e0 payer sur place. Pour les abonnements il faut remplir un formulaire d&rsquo;inscription sur place. <\/figcaption><\/figure>\n\n\n\n<div style=\"height:15px\" aria-hidden=\"true\" class=\"wp-block-spacer\"><\/div>\n\n\n\n<p class=\"has-text-align-center\"><strong>MONITEURS\/RICES<\/strong><\/p>\n\n\n\n<p class=\"has-text-align-center\">Jean-Bernard BANDELIER (J+S)<\/p>\n\n\n\n<p class=\"has-text-align-center\">Ignace BERRET (J+S, chef de course escalade CAS)<\/p>\n\n\n\n<p class=\"has-text-align-center\">Fabrice BRIOT (J+S)<\/p>\n\n\n\n<p class=\"has-text-align-center\">Cassandra H\u00dcGLI (J+S, Instructrice ASSE, cheffe de course escalade CAS)<\/p>\n\n\n\n<p class=\"has-text-align-center\">David M\u00c9TILLE (J+S)<\/p>\n\n\n\n<p class=\"has-text-align-center\">Xavier MONNIN (J+S \/ Sport des enfants)<\/p>\n\n\n\n<p class=\"has-text-align-center\">Carlos SEBASTIAN (J+S \/ Sport des enfants)<\/p>\n\n\n\n<p class=\"has-text-align-center\">Philippe STUCKI (J+S \/ Sport des enfants)<\/p>\n\n\n\n<p class=\"has-text-align-center\">Colin BABEY (aide-moniteur)<\/p>\n\n\n\n<p class=\"has-text-align-center\">Hugo BABEY (aide-moniteur)<\/p>\n\n\n\n<p class=\"has-text-align-center\">Kelio (aide-moniteur)<\/p>\n\n\n\n<p>Les moniteurs\/rices forment, avec le.la responsable escalade, la commission escalade et repr\u00e9sente Grimpajoie aupr\u00e8s du CAS Jura. Pour plus d\u2019informations et des questions organisationnelles, la charte de Grimpajoie est \u00e0 disposition en ligne en libre consultation via ce lien : \u2026\u2026..<\/p>\n\n\n\n<p class=\"has-text-align-center\"><strong>CONTACT<\/strong><\/p>\n\n\n\n<p class=\"has-text-align-center\">Pour toute demande d\u2019information concernant les cours ou l\u2019escalade au sein du CAS Jura, merci de contacter le responsable escalade :<\/p>\n\n\n\n<p class=\"has-text-align-center\">S\u00e9bastien Fasnacht<\/p>\n\n\n\n<p class=\"has-text-align-center\"><strong> escalade@cas-jura.ch<\/strong><\/p>\n\n\n\n<p><\/p>\n","protected":false},"excerpt":{"rendered":"<p>LES COURS Les cours d\u2019escalade de GrimpAjoie sont dispens\u00e9s pour toutes et tous qui souhaitent s\u2019initier \u00e0 la grimper et progresser. Les cours enfants\/jeunes sont &#8230;<\/p>\n","protected":false},"author":975923,"featured_media":3806,"parent":0,"menu_order":0,"comment_status":"closed","ping_status":"closed","template":"","meta":{"footnotes":""},"class_list":["post-3805","page","type-page","status-publish","has-post-thumbnail","hentry"],"jetpack_sharing_enabled":true,"_links":{"self":[{"href":"https:\/\/cas-jura.ch\/index.php?rest_route=\/wp\/v2\/pages\/3805","targetHints":{"allow":["GET"]}}],"collection":[{"href":"https:\/\/cas-jura.ch\/index.php?rest_route=\/wp\/v2\/pages"}],"about":[{"href":"https:\/\/cas-jura.ch\/index.php?rest_route=\/wp\/v2\/types\/page"}],"author":[{"embeddable":true,"href":"https:\/\/cas-jura.ch\/index.php?rest_route=\/wp\/v2\/users\/975923"}],"replies":[{"embeddable":true,"href":"https:\/\/cas-jura.ch\/index.php?rest_route=%2Fwp%2Fv2%2Fcomments&post=3805"}],"version-history":[{"count":9,"href":"https:\/\/cas-jura.ch\/index.php?rest_route=\/wp\/v2\/pages\/3805\/revisions"}],"predecessor-version":[{"id":5421,"href":"https:\/\/cas-jura.ch\/index.php?rest_route=\/wp\/v2\/pages\/3805\/revisions\/5421"}],"wp:featuredmedia":[{"embeddable":true,"href":"https:\/\/cas-jura.ch\/index.php?rest_route=\/wp\/v2\/media\/3806"}],"wp:attachment":[{"href":"https:\/\/cas-jura.ch\/index.php?rest_route=%2Fwp%2Fv2%2Fmedia&parent=3805"}],"curies":[{"name":"wp","href":"https:\/\/api.w.org\/{rel}","templated":true}]}}

<p class="has-text-align-center"><strong>LES COURS</strong></p>



<p>Les cours d’escalade de GrimpAjoie sont dispensés pour toutes et tous qui souhaitent s’initier à la grimper et progresser. Les cours enfants/jeunes sont ouverts entre 5 et 18 ans. Les cours adultes sont réservés à toute personne majeure souhaitant pratiquer l’escalade. Les cours ont lieu dans le complexe des Tilleuls à Porrentruy</p>



<p>Pour les débutant.es adultes qui souhaitent s’initier et avoir des connaissances approfondies en escalade, il existe aussi une initiation escalade, donnée une fois par an par le CAS Jura.</p>



<p class="has-text-align-center"><strong>Les horaires :</strong></p>



<p class="has-text-align-center">&#8211;<strong> Lundi soi</strong>r de 17h00 à 19h00 : cours enfants/jeunes</p>



<p class="has-text-align-center">&#8211; <strong>Lundi soir</strong> de 19h00 à 21h00 : cours adulte (&gt;18ans)</p>



<p class="has-text-align-center">&#8211; <strong>Mercredi soir</strong> de 17h00 à 18h30 : cours enfants/jeunes</p>



<p class="has-text-align-center">&#8211; <strong>Mercredi soir</strong> de 18h00 à 20h00 : cours adulte (>18ans)</p>



<p class="has-text-align-center">&#8211; <strong>Samedi matin</strong> de 10h00 à 12h00 : cours enfants/jeunes</p>



<p>Lors des jours fériés régionaux, les cours ne sont pas donnés. En principe, les cours du premier samedi des vacances ont lieu, mais pas ceux du dernier samedi des vacances.</p>



<p>Le premier essai est gratuit, l’inscription est ensuite faite sur place par un des moniteurs présents. Merci de nous contacter avant de venir faire un essai, à l’adresse mail suivante : <strong>escalade@cas-jura.ch</strong></p>



<div style="height:15px" aria-hidden="true" class="wp-block-spacer"></div>



<p class="has-text-align-center"><strong>TARIFS</strong></p>



<figure class="wp-block-table"><table><tbody><tr><td></td><td><strong>Membre du CAS Jura</strong></td><td><strong>Non-membre du CAS Jura</strong></td></tr><tr><td>1 enfant 1x/semaine (5-20 ans)</td><td>100 CHF</td><td>150 CHF</td></tr><tr><td>1 enfant 2x/semaine (5-20 ans)</td><td>150 CHF</td><td>200 CHF</td></tr><tr><td>1 enfant 3x/semaine (5-20 ans)</td><td>190 CHF</td><td>250 CHF</td></tr><tr><td>2<sup>e</sup> enfant (même famille)</td><td>70 CHF (-30 CHF)</td><td>120 CHF (-30 CHF)</td></tr><tr><td>3<sup>e</sup> enfant (même famille)</td><td>40 CHF (-60 CHF)</td><td>90 CHF (-60 CHF)</td></tr><tr><td>entrée individuelle* (adulte/jeune)</td><td>10 CHF / 7 CHF</td><td>15 CHF / 12 CHF</td></tr><tr><td>abo à l&rsquo;année* (adulte/jeune) </td><td>250 CHF</td><td>300 CHF / 270 CHF</td></tr><tr><td><strong>location du matériel </strong></td><td>Gratuit </td><td>5 CHF</td></tr></tbody></table><figcaption class="wp-element-caption">*Les entrées individuelles sont à payer sur place. Pour les abonnements il faut remplir un formulaire d&rsquo;inscription sur place. </figcaption></figure>



<div style="height:15px" aria-hidden="true" class="wp-block-spacer"></div>



<p class="has-text-align-center"><strong>MONITEURS/RICES</strong></p>



<p class="has-text-align-center">Jean-Bernard BANDELIER (J+S)</p>



<p class="has-text-align-center">Ignace BERRET (J+S, chef de course escalade CAS)</p>



<p class="has-text-align-center">Fabrice BRIOT (J+S)</p>



<p class="has-text-align-center">Cassandra HÜGLI (J+S, Instructrice ASSE, cheffe de course escalade CAS)</p>



<p class="has-text-align-center">David MÉTILLE (J+S)</p>



<p class="has-text-align-center">Xavier MONNIN (J+S / Sport des enfants)</p>



<p class="has-text-align-center">Carlos SEBASTIAN (J+S / Sport des enfants)</p>



<p class="has-text-align-center">Philippe STUCKI (J+S / Sport des enfants)</p>



<p class="has-text-align-center">Colin BABEY (aide-moniteur)</p>



<p class="has-text-align-center">Hugo BABEY (aide-moniteur)</p>



<p class="has-text-align-center">Kelio (aide-moniteur)</p>



<p>Les moniteurs/rices forment, avec le.la responsable escalade, la commission escalade et représente Grimpajoie auprès du CAS Jura. Pour plus d’informations et des questions organisationnelles, la charte de Grimpajoie est à disposition en ligne en libre consultation via ce lien : ……..</p>



<p class="has-text-align-center"><strong>CONTACT</strong></p>



<p class="has-text-align-center">Pour toute demande d’information concernant les cours ou l’escalade au sein du CAS Jura, merci de contacter le responsable escalade :</p>



<p class="has-text-align-center">Sébastien Fasnacht</p>



<p class="has-text-align-center"><strong> escalade@cas-jura.ch</strong></p>



<p></p>

<p>LES COURS Les cours d’escalade de GrimpAjoie sont dispensés pour toutes et tous qui souhaitent s’initier à la grimper et progresser. Les cours enfants/jeunes sont &#8230;</p>
