{"id":644,"date":"2019-04-28T07:19:53","date_gmt":"2019-04-28T06:19:53","guid":{"rendered":"https:\/\/cas-jura.ch\/wordpress\/?page_id=644"},"modified":"2020-04-20T22:22:40","modified_gmt":"2020-04-20T20:22:40","slug":"abreviations","status":"publish","type":"page","link":"https:\/\/cas-jura.ch\/?page_id=644","title":{"rendered":"Abr\u00e9viations"},"content":{"rendered":"\n<figure class=\"wp-block-table is-style-stripes\"><table><tbody><tr><td>HM<\/td><td>Haute montagne<\/td><\/tr><tr><td>RMM<\/td><td>Randonn\u00e9e moyenne montagne<\/td><\/tr><tr><td>E<\/td><td>Escalade<\/td><\/tr><tr><td>VF<\/td><td>Via ferrata<\/td><\/tr><tr><td>SA<\/td><td>Ski alpin<\/td><\/tr><tr><td>SR<\/td><td>Ski de randonn\u00e9e<\/td><\/tr><tr><td>SF<\/td><td>Ski de fond<\/td><\/tr><tr><td>VTT<\/td><td>V\u00e9lo tout terrain<\/td><\/tr><tr><td>T<\/td><td>Trail &#8211; course nature (course \u00e0 pied)<\/td><\/tr><tr><td>P<\/td><td>Randonn\u00e9e p\u00e9destre (light)<\/td><\/tr><tr><td>SC<\/td><td>Semaine clubistique<\/td><\/tr><tr><td>I<\/td><td>Initiation<\/td><\/tr><\/tbody><\/table><\/figure>\n\n\n\n<p><\/p>\n","protected":false},"excerpt":{"rendered":"<p>HM Haute montagne RMM Randonn\u00e9e moyenne montagne E Escalade VF Via ferrata SA Ski alpin SR Ski de randonn\u00e9e SF Ski de fond VTT V\u00e9lo &#8230;<\/p>\n","protected":false},"author":975901,"featured_media":0,"parent":0,"menu_order":0,"comment_status":"closed","ping_status":"closed","template":"","meta":{"footnotes":""},"class_list":["post-644","page","type-page","status-publish","hentry"],"jetpack_sharing_enabled":true,"_links":{"self":[{"href":"https:\/\/cas-jura.ch\/index.php?rest_route=\/wp\/v2\/pages\/644","targetHints":{"allow":["GET"]}}],"collection":[{"href":"https:\/\/cas-jura.ch\/index.php?rest_route=\/wp\/v2\/pages"}],"about":[{"href":"https:\/\/cas-jura.ch\/index.php?rest_route=\/wp\/v2\/types\/page"}],"author":[{"embeddable":true,"href":"https:\/\/cas-jura.ch\/index.php?rest_route=\/wp\/v2\/users\/975901"}],"replies":[{"embeddable":true,"href":"https:\/\/cas-jura.ch\/index.php?rest_route=%2Fwp%2Fv2%2Fcomments&post=644"}],"version-history":[{"count":3,"href":"https:\/\/cas-jura.ch\/index.php?rest_route=\/wp\/v2\/pages\/644\/revisions"}],"predecessor-version":[{"id":1401,"href":"https:\/\/cas-jura.ch\/index.php?rest_route=\/wp\/v2\/pages\/644\/revisions\/1401"}],"wp:attachment":[{"href":"https:\/\/cas-jura.ch\/index.php?rest_route=%2Fwp%2Fv2%2Fmedia&parent=644"}],"curies":[{"name":"wp","href":"https:\/\/api.w.org\/{rel}","templated":true}]}}

Abréviations

<figure class="wp-block-table is-style-stripes"><table><tbody><tr><td>HM</td><td>Haute montagne</td></tr><tr><td>RMM</td><td>Randonnée moyenne montagne</td></tr><tr><td>E</td><td>Escalade</td></tr><tr><td>VF</td><td>Via ferrata</td></tr><tr><td>SA</td><td>Ski alpin</td></tr><tr><td>SR</td><td>Ski de randonnée</td></tr><tr><td>SF</td><td>Ski de fond</td></tr><tr><td>VTT</td><td>Vélo tout terrain</td></tr><tr><td>T</td><td>Trail &#8211; course nature (course à pied)</td></tr><tr><td>P</td><td>Randonnée pédestre (light)</td></tr><tr><td>SC</td><td>Semaine clubistique</td></tr><tr><td>I</td><td>Initiation</td></tr></tbody></table></figure>



<p></p>

<p>HM Haute montagne RMM Randonnée moyenne montagne E Escalade VF Via ferrata SA Ski alpin SR Ski de randonnée SF Ski de fond VTT Vélo &#8230;</p>
