{"id":7,"date":"2019-03-08T09:27:33","date_gmt":"2019-03-08T08:27:33","guid":{"rendered":"https:\/\/cas-jura.ch\/wordpress\/?page_id=7"},"modified":"2024-09-18T19:30:13","modified_gmt":"2024-09-18T17:30:13","slug":"activites","status":"publish","type":"page","link":"https:\/\/cas-jura.ch\/?page_id=7","title":{"rendered":"Activit\u00e9s"},"content":{"rendered":"\n<p>La plupart de nos activit\u00e9s sont destin\u00e9es \u00e0 des amoureux de la randonn\u00e9e et de la montagne. Il suffit d&rsquo;avoir une condition physique normale.<\/p>\n\n\n\n<p>Pour les d\u00e9butants, enfants ou adultes, une prise en charge et un entra\u00eenement sp\u00e9cifiques sont pr\u00e9vus.<\/p>\n\n\n\n<p>Les initiations, les entra\u00eenements et les activit\u00e9s sont encadr\u00e9s par des personnes form\u00e9es et comp\u00e9tentes.<\/p>\n\n\n\n<hr class=\"wp-block-separator has-css-opacity is-style-wide\"\/>\n\n\n\n<h3 class=\"wp-block-heading\">&gt; <a href=\"https:\/\/cas-jura.ch\/?page_id=36\">Programme<\/a><\/h3>\n\n\n\n<h3 class=\"wp-block-heading\">> <a href=\"https:\/\/cas-jura.ch\/?page_id=2655\">Programme mensuel<\/a><\/h3>\n\n\n\n<h3 class=\"wp-block-heading\">> <a href=\"https:\/\/cas-jura.ch\/?page_id=2657\">Programme par type d&rsquo;activit\u00e9<\/a><\/h3>\n\n\n\n<h3 class=\"wp-block-heading\">> <a href=\"https:\/\/cas-jura.ch\/?page_id=85\">Activit\u00e9s r\u00e9guli\u00e8res<\/a> <\/h3>\n\n\n\n<h3 class=\"wp-block-heading\">&gt; <a href=\"https:\/\/cas-jura.ch\/?page_id=188\">Pratique<\/a> (pour les chef.fe.s de course)<\/h3>\n\n\n\n<hr class=\"wp-block-separator has-css-opacity is-style-wide\"\/>\n\n\n\n<h3 class=\"wp-block-heading\"><\/h3>\n","protected":false},"excerpt":{"rendered":"<p>La plupart de nos activit\u00e9s sont destin\u00e9es \u00e0 des amoureux de la randonn\u00e9e et de la montagne. Il suffit d&rsquo;avoir une condition physique normale. Pour &#8230;<\/p>\n","protected":false},"author":975901,"featured_media":0,"parent":0,"menu_order":0,"comment_status":"closed","ping_status":"closed","template":"","meta":{"footnotes":""},"class_list":["post-7","page","type-page","status-publish","hentry"],"jetpack_sharing_enabled":true,"_links":{"self":[{"href":"https:\/\/cas-jura.ch\/index.php?rest_route=\/wp\/v2\/pages\/7","targetHints":{"allow":["GET"]}}],"collection":[{"href":"https:\/\/cas-jura.ch\/index.php?rest_route=\/wp\/v2\/pages"}],"about":[{"href":"https:\/\/cas-jura.ch\/index.php?rest_route=\/wp\/v2\/types\/page"}],"author":[{"embeddable":true,"href":"https:\/\/cas-jura.ch\/index.php?rest_route=\/wp\/v2\/users\/975901"}],"replies":[{"embeddable":true,"href":"https:\/\/cas-jura.ch\/index.php?rest_route=%2Fwp%2Fv2%2Fcomments&post=7"}],"version-history":[{"count":20,"href":"https:\/\/cas-jura.ch\/index.php?rest_route=\/wp\/v2\/pages\/7\/revisions"}],"predecessor-version":[{"id":3838,"href":"https:\/\/cas-jura.ch\/index.php?rest_route=\/wp\/v2\/pages\/7\/revisions\/3838"}],"wp:attachment":[{"href":"https:\/\/cas-jura.ch\/index.php?rest_route=%2Fwp%2Fv2%2Fmedia&parent=7"}],"curies":[{"name":"wp","href":"https:\/\/api.w.org\/{rel}","templated":true}]}}

Activités

<p>La plupart de nos activités sont destinées à des amoureux de la randonnée et de la montagne. Il suffit d&rsquo;avoir une condition physique normale.</p>



<p>Pour les débutants, enfants ou adultes, une prise en charge et un entraînement spécifiques sont prévus.</p>



<p>Les initiations, les entraînements et les activités sont encadrés par des personnes formées et compétentes.</p>



<hr class="wp-block-separator has-css-opacity is-style-wide"/>



<h3 class="wp-block-heading">&gt; <a href="https://cas-jura.ch/?page_id=36">Programme</a></h3>



<h3 class="wp-block-heading">> <a href="https://cas-jura.ch/?page_id=2655">Programme mensuel</a></h3>



<h3 class="wp-block-heading">> <a href="https://cas-jura.ch/?page_id=2657">Programme par type d&rsquo;activité</a></h3>



<h3 class="wp-block-heading">> <a href="https://cas-jura.ch/?page_id=85">Activités régulières</a> </h3>



<h3 class="wp-block-heading">&gt; <a href="https://cas-jura.ch/?page_id=188">Pratique</a> (pour les chef.fe.s de course)</h3>



<hr class="wp-block-separator has-css-opacity is-style-wide"/>



<h3 class="wp-block-heading"></h3>

<p>La plupart de nos activités sont destinées à des amoureux de la randonnée et de la montagne. Il suffit d&rsquo;avoir une condition physique normale. Pour &#8230;</p>
